*2 + 41*c**3 + 0*c - 2 - 42*c**3 + 0*c + 3*c. Let a be d(2). Suppose 0 = -a*o + 5*o - 335. Is o a composite number?
False
Let w = 103 - 104. Is -53*w/((-4)/(-52) + 0) a prime number?
False
Let a(g) = 2*g**2 - 6*g + 3. Let s(v) = -v - 12. Let n be s(-19). Is a(n) prime?
True
Let p(s) = 4*s**2 + 8*s + 9. Let w be 18/(-2) - (-38)/19. Is p(w) prime?
True
Suppose -30802 = -34*w - 236. Is w composite?
True
Let h(t) = -t**3 - 4*t**2 - 84*t - 88. Is h(-9) a prime number?
False
Let o be (3 + -1 + (-30)/9)*-519. Suppose -39 = -j + o. Is j a composite number?
True
Suppose -18854 = -12*m + 39478. Is m composite?
False
Suppose 2*z + 3 = 7. Suppose -2*p + 3*j = -85, -5*p = -z*p - 4*j - 126. Let q = p - 17. Is q composite?
True
Let j be 8/(-4) - 2 - -3765. Suppose 2*u - j = u. Is u a composite number?
False
Suppose 4*h = -3*g + 2989, -2*h + 5*h - 3976 = -4*g. Is g composite?
False
Let f(d) = 193*d**3 - 5*d**2 + 18*d + 1. Is f(3) prime?
False
Is -1 + (-9)/(-3) + 1509 prime?
True
Suppose -35*l + 51835 = -30*l + 5*k, -4*l = 3*k - 41470. Is l a prime number?
True
Let z(u) = -u**2 + 1. Let g be z(-2). Let s be (2/g)/(2/(-219)). Let y = 252 - s. Is y a prime number?
True
Suppose 2*w = 3*p + w + 464, -4*w - 286 = 2*p. Let g = 250 + p. Is g a composite number?
False
Is (17902/8)/((7 + 7)/56) a composite number?
False
Suppose 116046 + 107717 = 19*h. Is h a composite number?
False
Let b be 2/2*(-230)/10. Let j = b + 48. Suppose -20*m = -j*m + 3445. Is m a composite number?
True
Let i = 34 + -31. Is (8/(-8))/(i/(-1167)) a composite number?
False
Suppose d - x - 718 = -6*x, 0 = -2*d - 3*x + 1436. Let c = d - 387. Is c a composite number?
False
Let x(f) = 14*f**2 - f - 1. Let w be (-44)/(-55) - (-14)/(-5). Is x(w) prime?
False
Let a(g) be the third derivative of -83*g**4/24 + g**3/3 + 2*g**2. Is a(-1) composite?
True
Suppose -3*g + g = -154. Suppose 4*d + g = 9. Let i = 136 + d. Is i a prime number?
False
Let y = -32 - -149. Suppose -16 = 9*h - 5*h. Let o = h + y. Is o a prime number?
True
Let j be 171/63 + 2 + 24/(-14). Suppose -2192 = -j*r - g, 27 = r + 2*g - 702. Is r a prime number?
False
Let p(w) = 18*w**2 - 7*w - 18. Let a be p(-20). Suppose -5*m = 5*h - 12180, 6 = 3*m - h - a. Is m composite?
False
Let y = -23 - -25. Suppose 0 = -q + m + 2179, -y*q - q + 6537 = 5*m. Is q prime?
True
Let m(c) be the first derivative of -c**3/3 - 13*c**2/2 - 3*c - 5. Let a be m(-13). Let h(l) = -10*l + 4. Is h(a) composite?
True
Let b(r) = r**2 - 10*r + 1. Let l be b(11). Let o be 886*2*3/l. Suppose -o + 125 = -3*g. Is g prime?
False
Let j = -822 - -561. Let h = -334 + 186. Let w = h - j. Is w a composite number?
False
Let r = -38 - -40. Suppose -r*t = -3*h + 25, -h + 0*h - 2*t = 5. Suppose -h*k = 231 - 1186. Is k a prime number?
True
Suppose 15*s = -5*s + 93340. Is s a prime number?
False
Let x(p) = -p**3 + 45*p**2 + 88*p - 101. Is x(24) composite?
False
Let h(g) = -g**3 + g**2 + g + 1. Let l(i) = -63*i**3 + i**2 + 2*i + 3. Let w(f) = -3*h(f) + l(f). Let u = 500 - 501. Is w(u) prime?
True
Suppose c + 4*m - 76 = 789, -4*c - m = -3505. Is c a composite number?
False
Suppose 2*o = 4*r - 704020, 0*o + 2*o = 0. Is r a prime number?
False
Let x = -91 + 494. Suppose 2*s - f = x, 2*f = 3*f + 1. Suppose -2*k + 113 = -s. Is k prime?
True
Suppose -3*b = -4*u + 3*u - 51689, 4 = u. Is b a prime number?
True
Let q be 1747/11 + 4/22. Is (-3)/(-2 - (-315)/q) a prime number?
False
Let q(x) = 77*x**2 - 10*x + 130. Is q(7) prime?
True
Let t(m) = m - 4. Suppose 48 - 8 = 4*c. Is t(c) a composite number?
True
Let p be (0 + 7)/(5 + -4). Let a be 2/p + (-12)/(-7). Suppose 0 = -a*g + g + 22. Is g prime?
False
Let z(s) = s**2 + 8*s + 14. Let v(p) = -p**3 - 7*p**2 + 9*p + 10. Let m be v(-8). Suppose m*f + f = -6, -56 = -4*c + 4*f. Is z(c) a composite number?
True
Suppose -n - 331 + 2283 = -b, 3*b + 9754 = 5*n. Is n composite?
False
Is 1055/(-10)*6*-1 composite?
True
Suppose -3*r + 11091 = 2*o - 0*r, -2*r = -3*o + 16617. Is o composite?
True
Let t(y) = -12*y**2 - 3*y + 12. Let n = 10 - 14. Let h be t(n). Is h/(-64) + 6/16 a composite number?
False
Suppose 8*m - 6*m = -z + 50673, -2*m - 253353 = -5*z. Is z prime?
True
Let p(j) = -17*j + 133. Is p(-5) a composite number?
True
Suppose 0 = 8*d - 3 - 13. Suppose -3*b + 3166 = 3*y + d*b, 0 = -2*y - 4*b + 2110. Is y a composite number?
True
Suppose -3*c - q + 288 = 2*q, 5*c - 5*q = 530. Suppose -c + 1536 = 5*m. Is m prime?
False
Is ((-196562)/87)/((-4)/6) prime?
True
Let q(b) = 6*b - 25. Let z be q(4). Is (-4 + 8 + z - 1) + 932 a prime number?
False
Let l be -2 + 57 + (-4 - -1). Let z(r) = 2*r - l + 54 - r + 193*r**2. Is z(-1) a composite number?
True
Suppose x - 8*a - 5743 = -11*a, -3*x + 17257 = 2*a. Is x a composite number?
True
Suppose 0 = n + 5, -2*y - 2*y + 2*n = 94. Let h = 22 + y. Is h*1 - (2 + -59) a composite number?
False
Let z(l) = 2*l**2 - 2*l + 1. Let k be z(2). Suppose 6 = n - 2*c, k*c + 4 = -1. Is (-4 - 574/n)*-2 composite?
True
Let t(y) = 2*y + 6. Suppose 3 = -4*a - 21. Let n be t(a). Is ((-1677)/n)/(3/6) composite?
True
Suppose 2*x + 6636 = -2*x. Let c = x + 2746. Is c a prime number?
True
Suppose -3*c - 24 = -6. Let f be 2/(-2)*(-10 - c). Suppose -86 = f*o - 6*o. Is o a prime number?
True
Suppose -5*f = -d + 736, d + 5*f - 1230 + 474 = 0. Is -2*(-6)/(-6)*d/(-4) prime?
True
Is ((-15617)/483)/(1/(-471)) a composite number?
True
Let m(t) = -305*t + 2. Suppose -12*a + 15*a + 3 = 0. Is m(a) prime?
True
Let p(b) = 581*b**2 + 7*b - 1. Is p(-1) a prime number?
False
Let f = 1608 + 419. Is f a prime number?
True
Let b be 12/15*15/2. Suppose b*n - 1250 = -308. Is n a prime number?
True
Let j = -12 + 15. Let d be -6*2/j - -6. Is ((-152)/(-12))/(d/15) a prime number?
False
Let k(c) = -c**2 + 1. Let i be k(-2). Let r(g) = g + 2. Let s be r(0). Is (744/(-18))/(s/i) a prime number?
False
Let i(r) = -r**3 + 3*r**2 + 6*r + 19. Let p be i(5). Is 1173 + -7 + p + 6 a prime number?
True
Suppose -23*q + 853890 = 69889. Is q a composite number?
True
Let f(h) = -20*h**3 + 28*h**2 - 62*h + 2. Let g(l) = 1 - 7*l**3 + 0*l**3 - 4*l - 15*l - 2*l + 9*l**2. Let v(n) = 6*f(n) - 17*g(n). Is v(12) a prime number?
False
Let x = 31253 + -2922. Is x a prime number?
False
Let f = 359 - -414. Suppose -7*i = -f - 2090. Is i a composite number?
False
Suppose -3*i - 2*n - 17058 = -52639, n + 23730 = 2*i. Is i composite?
False
Suppose 0*z = z - 2. Let s(v) = 5 - v**3 - 3*v**2 + 0 + z*v**3. Is s(6) prime?
True
Let v = 1330 - 533. Is v composite?
False
Let u = 1228 - 710. Let l = u - 245. Suppose 18 = -5*a + l. Is a prime?
False
Suppose -4*t + 9 = -11. Suppose t*x = 6*x. Suppose x = 5*p + 5*n - 375, 3*p - 5*n + 4*n = 241. Is p prime?
True
Let v be ((-24)/36)/(4/(-30)). Suppose 2*z = -v*k + 10, z - 6*k = -3*k + 5. Suppose -z*n + 278 = 3*m, -2*m + 4*n + 178 = -0*n. Is m composite?
True
Let u = 4447 + -1061. Suppose 4*o = 6*o - u. Is o a composite number?
False
Is (-6)/(-10) - (-10047884)/385 prime?
True
Let p = -21 + 18. Let q be (-1)/2 + (-20)/(-8). Is (-2)/(q/p) - -244 prime?
False
Let y(f) = -7*f + f + 1 + 0*f. Suppose 0*r + r + 4 = 0, -3*r = -4*m. Is y(m) a composite number?
False
Suppose 4*x = 8, 4*x = -2*o - 3*o + 13. Suppose -3*b + 1 = 4. Is 3 + o + (-173)/b a composite number?
True
Suppose -4*y - 143803 = -5*l, y + 145925 - 2128 = 5*l. Is l a composite number?
False
Let x = -15 + 5. Let q be (0 - -5)/(x/(-10)). Suppose -n - 5*d + 191 = 0, 955 = q*n - 4*d + 5*d. Is n a prime number?
True
Let c(h) = -h**3 - 7*h**2 + 9*h + 8. Let w be c(-8). Suppose w = -3*m + 417 + 144. Is m composite?
True
Let i(l) = -1095*l - 161. Is i(-4) composite?
False
Is (64920/(-180))/(0 + 2/(-3)) a composite number?
False
Let s(d) = 4*d. Let w be s(1). Suppose 5*j - w*a = 2375, 2*j - a = 804 + 143. Is j prime?
False
Let t(z) = -144*z + 115. Is t(-18) composite?
False
Let f = -1377 + 2117. Suppose 2*k - 3*k = -2*k. Suppose f = 4*a - k*a. Is a a prime number?
False
Suppose -3306 = 6*k - 26964. Is k prime?
True
Let w = 959 + 1322. Is w composite?
False
Let n(c) = -11*c**2 + 6*c - 23. Let j(f) = -4 - 6*f**2 + f + 5*f**2 - f**2. Let m(r) = -34*j(r) + 6*n(r). Is m(3) a composite number?
True
Is ((-15)/(-10))/((-4)/(-2008)) a prime number?
False
Let q = -2591 - -4222. Is q a prime number?
False
Suppose g = -19 + 2